{"id":1560,"date":"2026-04-09T15:17:54","date_gmt":"2026-04-09T13:17:54","guid":{"rendered":"https:\/\/www.museomediapiave.it\/?page_id=1560"},"modified":"2026-04-14T17:42:40","modified_gmt":"2026-04-14T15:42:40","slug":"partir","status":"publish","type":"page","link":"https:\/\/www.museomediapiave.it\/index.php\/partir\/","title":{"rendered":"2026 Partir&#8230;"},"content":{"rendered":"<div id=\"pl-1560\"  class=\"panel-layout\" ><div id=\"pg-1560-0\"  class=\"panel-grid panel-no-style\" ><div id=\"pgc-1560-0-0\"  class=\"panel-grid-cell\" ><div id=\"panel-1560-0-0-0\" class=\"so-panel widget widget_sow-editor panel-first-child panel-last-child\" data-index=\"0\" ><div\n\t\t\t\n\t\t\tclass=\"so-widget-sow-editor so-widget-sow-editor-base\"\n\t\t\t\n\t\t>\n<div class=\"siteorigin-widget-tinymce textwidget\">\n\t<h2><a class=\"accent-color\" href=\"#\">\"Partir... Zanzotto, Pillonetto, Gobbato e l'emigrazione\"<\/a> \u00e8 una mostra dove scorrono 150 anni di partenze: valigie leggere e lavori duri, contratti e clandestinit\u00e0.<br \/>\n\u00c8 una storia enorme anche nei numeri: per decenni dai nostri comuni sono partite intere generazioni intere.<br \/>\nE l\u2019altra met\u00e0 del racconto: chi resta, chi custodisce legami e memoria.<\/p>\n<p>Non \u00e8 solo passato.<br \/>\nOggi l\u2019emigrazione continua in forme nuove e spesso silenziose, quando i giovani cercano futuro altrove.<br \/>\nTra memoria e presente, anche le parole di Andrea Zanzotto, Giocondo Pillonetto e Lino Teofilo Gobbato accompagnano il visitatore: perch\u00e9 partire e restare, qui, sono due modi diversi di appartenere.<\/h2>\n<\/div>\n<\/div><\/div><\/div><\/div><div id=\"pg-1560-1\"  class=\"panel-grid panel-no-style\" ><div id=\"pgc-1560-1-0\"  class=\"panel-grid-cell\" ><div id=\"panel-1560-1-0-0\" class=\"so-panel widget widget_featured-block-widget panel-first-child panel-last-child\" data-index=\"1\" ><div\n\t\t\t\n\t\t\tclass=\"so-widget-featured-block-widget so-widget-featured-block-widget-base\"\n\t\t\t\n\t\t>\n<div class=\"featured-block hover-effect\">\n    <figure><img loading=\"lazy\" decoding=\"async\" src=\"https:\/\/www.museomediapiave.it\/wp-content\/uploads\/2026\/04\/co001301.jpg\" width=\"1920\" height=\"1080\"  class=\"featured-block-widget\" style=\"max-width:100%; height:auto; display:block\" alt=\"Widget image\"><\/figure>    <p>Pannelli esplicativi della mostra\n1 - Partir...<br \/>\n2 - Valigie trevigiane<br \/>\n3\/4 - L\u2019Italia che non basta pi\u00f9\n5 - Dal Piave... al porto<br \/>\n6 - L\u2019emigrazione in Brasile<br \/>\n7 - Tra le due guerre<br \/>\n8 - Le fasi migratorie<br \/>\n9 - Quando il lavoro era altrove<br \/>\n10 - In provincia di Treviso<br \/>\n11 - Fondata sul lavoro<br \/>\n12 - L\u2019inchiesta sulla miseria e gli accordi internazionali<br \/>\n13 - L\u2019emigrazione assistita<br \/>\n14 - Minatori, muratori, balie...<br \/>\n15 - Balie da latte<br \/>\n16 - Il prezzo dell\u2019altrove<br \/>\n17 - Un paese a met\u00e0 - Chi partiva e chi restava<br \/>\n18 - Il Carnevale di Sernaglia<br \/>\n19 - Dal porto... al mondo<br \/>\n20 - Chi resta tiene insieme il paese<br \/>\n21 - Restare uniti lontano da casa<br \/>\n22 - Una vita in una valigia<br \/>\n23 - Partire<br \/>\n24 - L\u2019emigrazione italiana oggi<br \/>\n25 - Tornare, restare, andare e venire<br \/><\/p>    <\/div><\/div><\/div><\/div><div id=\"pgc-1560-1-1\"  class=\"panel-grid-cell\" ><div id=\"panel-1560-1-1-0\" class=\"so-panel widget widget_featured-block-widget panel-first-child panel-last-child\" data-index=\"2\" ><div\n\t\t\t\n\t\t\tclass=\"so-widget-featured-block-widget so-widget-featured-block-widget-base\"\n\t\t\t\n\t\t>\n<div class=\"featured-block hover-effect\">\n    <figure><img loading=\"lazy\" decoding=\"async\" src=\"https:\/\/www.museomediapiave.it\/wp-content\/uploads\/2026\/04\/co001311.jpg\" width=\"1883\" height=\"1057\"  class=\"featured-block-widget\" style=\"max-width:100%; height:auto; display:block\" alt=\"Widget image\"><\/figure>    <p>8 giovani ed attuali testimonianze di uomini e donne partite dal Quartier del Piave e stabilitisi all'estero.\nBrevi racconti di speranze e nostalgie vissute in modo differente.\nLe testimonianze si intervallano ad immagini di repertorio dei luoghi in cui hanno scelto di vivere.<\/p>    <\/div><\/div><\/div><\/div><div id=\"pgc-1560-1-2\"  class=\"panel-grid-cell\" ><div id=\"panel-1560-1-2-0\" class=\"so-panel widget widget_featured-block-widget panel-first-child panel-last-child\" data-index=\"3\" ><div\n\t\t\t\n\t\t\tclass=\"so-widget-featured-block-widget so-widget-featured-block-widget-base\"\n\t\t\t\n\t\t>\n<div class=\"featured-block hover-effect\">\n    <figure><img loading=\"lazy\" decoding=\"async\" src=\"https:\/\/www.museomediapiave.it\/wp-content\/uploads\/2026\/04\/a5eventi-2.jpg\" width=\"1920\" height=\"1290\"  class=\"featured-block-widget\" style=\"max-width:100%; height:auto; display:block\" alt=\"Widget image\"><\/figure>    <p>Numerosi incontri ed eventi legati alla mostra\n<br \/><br \/>\n21 marzo 2026 - ore 20.30<br \/>\nPartire: Zanzotto, Pillonetto e L'Emigrazione con l\u2019autore Lamberto Pillonetto<br \/>\nIn sala Consiliare a Sernaglia della Battaglia<br \/><br \/>\n\n16 aprile 2026 - ore 20.30<br \/>\n\u201cIl Riscatto\u201d a cura di Diego Zussa e Franco Zambon<br \/>\nAl CEA-MEP a Fontigo di Sernaglia<br \/><br \/>\n\n8 maggio 2026 - ore 20.30<br \/>\nBalie da Latte: Una forma peculiare di emigrazione femminile<br \/>\na cura di Daniela Perco<br \/>\nIn sala Consiliare a Sernaglia della Battaglia<br \/><br \/>\n\n15 maggio 2026 - ore 20.30<br \/>\n\u201cStoria di Gelindo e diario di una ragazza Albanese\u201d<br \/>\na cura di Ornella Fregolent.<br \/>\nAl CEA-MEP a Fontigo di Sernaglia<br \/><br \/>\n\n23 maggio 2026 - ore 20.30<br \/>\nSerata cinema Film. \u201cManodopera\u201d di Alain Ughetto<br \/>\nin collaborazione con Associazione Careni<br \/>\nAl Cinema Careni a Pieve di Soligo<br \/><br \/>\n\n28 maggio 2026 - ore 20.30<br \/>\n\u201cMambilla Plateau\u201dcon l\u2019autore Diego Zussa<br \/>\nAl CEA-MEP a Fontigo di Sernaglia<br \/><br \/>\n\n6 giugno 2026 - ore 20.30<br \/>\n\u201cL'ANIMA SUI COP\u201d<br \/>\nSpettacolo di Sandro Buzzati da un testo teatrale di Luciano Caniato.<br \/>\nIn sala Consiliare a Sernaglia della Battaglia<\/p>    <\/div><\/div><\/div><\/div><\/div><div id=\"pg-1560-2\"  class=\"panel-grid panel-no-style\" ><div id=\"pgc-1560-2-0\"  class=\"panel-grid-cell\" ><div id=\"panel-1560-2-0-0\" class=\"so-panel widget widget_featured-block-widget panel-first-child panel-last-child\" data-index=\"4\" ><div\n\t\t\t\n\t\t\tclass=\"so-widget-featured-block-widget so-widget-featured-block-widget-base\"\n\t\t\t\n\t\t>\n<div class=\"featured-block hover-effect\">\n    <figure><img loading=\"lazy\" decoding=\"async\" src=\"https:\/\/www.museomediapiave.it\/wp-content\/uploads\/2023\/03\/diffusione-dei-giornali-scaled-1.jpg\" width=\"840\" height=\"560\"  class=\"featured-block-widget\" style=\"max-width:100%; height:auto; display:block\" alt=\"Widget image\"><\/figure>    <p>Rassegna stampa in costruzione\n<\/p>    <\/div><\/div><\/div><\/div><div id=\"pgc-1560-2-1\"  class=\"panel-grid-cell\" ><div id=\"panel-1560-2-1-0\" class=\"so-panel widget widget_featured-block-widget panel-first-child panel-last-child\" data-index=\"5\" ><div\n\t\t\t\n\t\t\tclass=\"so-widget-featured-block-widget so-widget-featured-block-widget-base\"\n\t\t\t\n\t\t>\n<div class=\"featured-block hover-effect\">\n    <figure><a href=\"https:\/\/www.anaconegliano.it\/sezione-2020-2029\/2025-il-centenario---raduno-triveneto.html\" target=\"_blank\"><img loading=\"lazy\" decoding=\"async\" src=\"https:\/\/www.museomediapiave.it\/wp-content\/uploads\/2025\/04\/alpinii.jpg\" width=\"840\" height=\"560\"  class=\"featured-block-widget\" style=\"max-width:100%; height:auto; display:block\" alt=\"Widget image\"><span class=\"caption\"><span class=\"caption-table\"><span class=\"caption-cell\">CENTENARIO SEZIONE CONEGLIANO<\/span><\/a><\/figure>    <p>Nello stesso periodo della mostra, nata anche per valorizzare l'evento, si tengono le ricorrenze del centenario della sezione di Conegliano\n<\/p>    <a href=\"https:\/\/www.anaconegliano.it\/sezione-2020-2029\/2025-il-centenario---raduno-triveneto.html\" target=\"_blank\" class=\"basic-link\"><\/a><\/div><\/div><\/div><\/div><div id=\"pgc-1560-2-2\"  class=\"panel-grid-cell\" ><div id=\"panel-1560-2-2-0\" class=\"so-panel widget widget_featured-block-widget panel-first-child panel-last-child\" data-index=\"6\" ><div class=\"panel-widget-style panel-widget-style-for-1560-2-2-0\" ><div\n\t\t\t\n\t\t\tclass=\"so-widget-featured-block-widget so-widget-featured-block-widget-base\"\n\t\t\t\n\t\t>\n<div class=\"featured-block hover-effect\">\n    <figure><img loading=\"lazy\" decoding=\"async\" src=\"https:\/\/www.museomediapiave.it\/wp-content\/uploads\/2024\/01\/TAC_filmati.jpg\" width=\"840\" height=\"560\"  class=\"featured-block-widget\" style=\"max-width:100%; height:auto; display:block\" alt=\"Widget image\"><\/figure>    <p>Sono disponibili alcuni filmati d'epoca relativi all'emigrazione veneta ed in particolare a quella della \"Sernaja\" con un documentario RAI realizzato negli anni '60 viste la massicce partenze dalla zona ed inoltre, una realizzazione ad hoc in sala video dove sono stare raccolte alcune brevi testimonianze da giovani d'oggi che dal Quartier del Piave sono partiti a loro volta per un futuro da sviluppare altrove.<\/p>    <\/div><\/div><\/div><\/div><\/div><\/div><div id=\"pg-1560-3\"  class=\"panel-grid panel-no-style\" ><div id=\"pgc-1560-3-0\"  class=\"panel-grid-cell\" ><div id=\"panel-1560-3-0-0\" class=\"so-panel widget widget_spacer-widget panel-first-child\" data-index=\"7\" ><div\n\t\t\t\n\t\t\tclass=\"so-widget-spacer-widget so-widget-spacer-widget-base\"\n\t\t\t\n\t\t>\n<div class=\"clearfix\" style=\"height:20px\"><\/div><\/div><\/div><div id=\"panel-1560-3-0-1\" class=\"so-panel widget widget_hr-widget\" data-index=\"8\" ><div\n\t\t\t\n\t\t\tclass=\"so-widget-hr-widget so-widget-hr-widget-base\"\n\t\t\t\n\t\t>\n<hr class=\"fw\" style=\"height:1px; background:; margin-top:30px; margin-bottom:30px\"><\/div><\/div><div id=\"panel-1560-3-0-2\" class=\"so-panel widget widget_spacer-widget panel-last-child\" data-index=\"9\" ><div\n\t\t\t\n\t\t\tclass=\"so-widget-spacer-widget so-widget-spacer-widget-base\"\n\t\t\t\n\t\t>\n<div class=\"clearfix\" style=\"height:20px\"><\/div><\/div><\/div><\/div><\/div><div id=\"pg-1560-4\"  class=\"panel-grid panel-no-style\" ><div id=\"pgc-1560-4-0\"  class=\"panel-grid-cell\" ><div id=\"panel-1560-4-0-0\" class=\"so-panel widget widget_sow-editor panel-first-child panel-last-child\" data-index=\"10\" ><div\n\t\t\t\n\t\t\tclass=\"so-widget-sow-editor so-widget-sow-editor-base\"\n\t\t\t\n\t\t>\n<div class=\"siteorigin-widget-tinymce textwidget\">\n\t<h4 class=\"short accent-color\">SEDE<\/h4>\n<h1>Indirizzo del CEA MEP<\/h1>\n<\/div>\n<\/div><\/div><\/div><div id=\"pgc-1560-4-1\"  class=\"panel-grid-cell\" ><div id=\"panel-1560-4-1-0\" class=\"so-panel widget widget_sow-editor panel-first-child panel-last-child\" data-index=\"11\" ><div\n\t\t\t\n\t\t\tclass=\"so-widget-sow-editor so-widget-sow-editor-base\"\n\t\t\t\n\t\t>\n<div class=\"siteorigin-widget-tinymce textwidget\">\n\t<p>Il CEA MEP (Centro di Educazione Ambientale - Museo Media Piave) \u00e8 posizionato<br \/>\nin Piazza del Popolo 1<br \/>\n31020 FONTIGO di Sernaglia della Battaglia (TV)<\/p>\n<p>POSIZIONE:\u00a0<a href=\"https:\/\/goo.gl\/maps\/hZGY4TJwF1VS8gY17\" target=\"_blank\" rel=\"noopener\">https:\/\/goo.gl\/maps\/hZGY4TJwF1VS8gY17<\/a><\/p>\n<\/div>\n<\/div><\/div><\/div><\/div><div id=\"pg-1560-5\"  class=\"panel-grid panel-no-style\" ><div id=\"pgc-1560-5-0\"  class=\"panel-grid-cell\" ><div id=\"panel-1560-5-0-0\" class=\"so-panel widget widget_sow-editor panel-first-child panel-last-child\" data-index=\"12\" ><div\n\t\t\t\n\t\t\tclass=\"so-widget-sow-editor so-widget-sow-editor-base\"\n\t\t\t\n\t\t>\n<div class=\"siteorigin-widget-tinymce textwidget\">\n\t<h4 class=\"short accent-color\">ORARI<\/h4>\n<h1>Aperture mostra<\/h1>\n<\/div>\n<\/div><\/div><\/div><div id=\"pgc-1560-5-1\"  class=\"panel-grid-cell\" ><div id=\"panel-1560-5-1-0\" class=\"so-panel widget widget_sow-editor panel-first-child panel-last-child\" data-index=\"13\" ><div\n\t\t\t\n\t\t\tclass=\"so-widget-sow-editor so-widget-sow-editor-base\"\n\t\t\t\n\t\t>\n<div class=\"siteorigin-widget-tinymce textwidget\">\n\t<p>Aperture dal <span style=\"color: #ff0000;\"><strong>21 febbraio al 21 giugno 2025<\/strong><\/span>\u00a0nei seguenti orari:<br \/>\n<strong>Sabato pomeriggio 15.00 - 18.30<\/strong><br \/>\n<strong>Domenica 10.00 - 12.00 e 15.00 - 18.30<\/strong><\/p>\n<h3><span style=\"color: #ff0000;\">PASQUA: chiuso<\/span><br \/>\n<span style=\"color: #ff0000;\">LUNEDI' DELL'ANGELO: Aperto dalle 15.00 alle 18.30<\/span><\/h3>\n<p><strong><span style=\"color: #3366ff;\"><em>o per scuole e gruppi su prenotazione in base a disponibilit\u00e0 ed accordi<\/em><\/span><\/strong><\/p>\n<p>&nbsp;<\/p>\n<\/div>\n<\/div><\/div><\/div><\/div><div id=\"pg-1560-6\"  class=\"panel-grid panel-no-style\" ><div id=\"pgc-1560-6-0\"  class=\"panel-grid-cell\" ><div id=\"panel-1560-6-0-0\" class=\"so-panel widget widget_sow-editor panel-first-child panel-last-child\" data-index=\"14\" ><div\n\t\t\t\n\t\t\tclass=\"so-widget-sow-editor so-widget-sow-editor-base\"\n\t\t\t\n\t\t>\n<div class=\"siteorigin-widget-tinymce textwidget\">\n\t<h4 class=\"short accent-color\">INFO<\/h4>\n<h1>Informazioni e prenotazioni<\/h1>\n<\/div>\n<\/div><\/div><\/div><div id=\"pgc-1560-6-1\"  class=\"panel-grid-cell\" ><div id=\"panel-1560-6-1-0\" class=\"so-panel widget widget_sow-editor panel-first-child panel-last-child\" data-index=\"15\" ><div\n\t\t\t\n\t\t\tclass=\"so-widget-sow-editor so-widget-sow-editor-base\"\n\t\t\t\n\t\t>\n<div class=\"siteorigin-widget-tinymce textwidget\">\n\t<p>Per informazioni e\/o visite \u00e8 possibile contattare la segreteria del Comune di Sernaglia della Battaglia (TV) presso i seguenti recapiti:<\/p>\n<p>mail: <em><a href=\"mailto:segreteria@comune.sernaglia.tv.it\"><strong>segreteria@comune.sernaglia.tv.it<\/strong><\/a><\/em><br \/>\ntelefono: <strong>0438 965333<\/strong><\/p>\n<p>&nbsp;<\/p>\n<\/div>\n<\/div><\/div><\/div><\/div><div id=\"pg-1560-7\"  class=\"panel-grid panel-no-style\" ><div id=\"pgc-1560-7-0\"  class=\"panel-grid-cell\" ><div id=\"panel-1560-7-0-0\" class=\"so-panel widget widget_spacer-widget panel-first-child panel-last-child\" data-index=\"16\" ><div\n\t\t\t\n\t\t\tclass=\"so-widget-spacer-widget so-widget-spacer-widget-base\"\n\t\t\t\n\t\t>\n<div class=\"clearfix\" style=\"height:60px\"><\/div><\/div><\/div><\/div><\/div><div id=\"pg-1560-8\"  class=\"panel-grid panel-no-style\" ><div id=\"pgc-1560-8-0\"  class=\"panel-grid-cell\" ><div id=\"panel-1560-8-0-0\" class=\"so-panel widget widget_sow-editor panel-first-child panel-last-child\" data-index=\"17\" ><div\n\t\t\t\n\t\t\tclass=\"so-widget-sow-editor so-widget-sow-editor-base\"\n\t\t\t\n\t\t>\n<div class=\"siteorigin-widget-tinymce textwidget\">\n\t<h1>EVENTI CORRELATI<\/h1>\n<\/div>\n<\/div><\/div><\/div><div id=\"pgc-1560-8-1\"  class=\"panel-grid-cell\" ><div id=\"panel-1560-8-1-0\" class=\"so-panel widget widget_sow-editor panel-first-child panel-last-child\" data-index=\"18\" ><div\n\t\t\t\n\t\t\tclass=\"so-widget-sow-editor so-widget-sow-editor-base\"\n\t\t\t\n\t\t>\n<div class=\"siteorigin-widget-tinymce textwidget\">\n\t<p>Serate legate ai temi della mostra:<\/p>\n<p><strong>21 marzo 2026 - ore 20.30<\/strong><br \/>\nPartire: Zanzotto, Pillonetto e L'Emigrazione con l\u2019autore Lamberto Pillonetto<br \/>\nIn sala Consiliare a Sernaglia della Battaglia<\/p>\n<p><strong>16 aprile 2026 - ore 20.30<\/strong><br \/>\n\u201cIl Riscatto\u201d a cura di Diego Zussa e Franco Zambon<br \/>\nAl CEA-MEP a Fontigo di Sernaglia<\/p>\n<p><strong>8 maggio 2026 - ore 20.30<\/strong><br \/>\nBalie da Latte: Una forma peculiare di emigrazione femminile<br \/>\na cura di Daniela Perco<br \/>\nIn sala Consiliare a Sernaglia della Battaglia<\/p>\n<p><strong>15 maggio 2026 - ore 20.30<\/strong><br \/>\n\u201cStoria di Gelindo e diario di una ragazza Albanese\u201d<br \/>\na cura di Ornella Fregolent.<br \/>\nAl CEA-MEP a Fontigo di Sernaglia<\/p>\n<p><strong>23 maggio 2026 - ore 20.30<\/strong><br \/>\nSerata cinema Film. \u201cManodopera\u201d di Alain Ughetto<br \/>\nin collaborazione con Associazione Careni<br \/>\nAl Cinema Careni a Pieve di Soligo<\/p>\n<p><strong>28 maggio 2026 - ore 20.30<\/strong><br \/>\n\u201cMambilla Plateau\u201dcon l\u2019autore Diego Zussa<br \/>\nAl CEA-MEP a Fontigo di Sernaglia<\/p>\n<p><strong>6 giugno 2026 - ore 20.30<\/strong><br \/>\n\u201cL'ANIMA SUI COP\u201d<br \/>\nSpettacolo di Sandro Buzzati da un testo teatrale di Luciano Caniato.<br \/>\nIn sala Consiliare a Sernaglia della Battaglia<\/p>\n<\/div>\n<\/div><\/div><\/div><\/div><div id=\"pg-1560-9\"  class=\"panel-grid panel-no-style\" ><div id=\"pgc-1560-9-0\"  class=\"panel-grid-cell\" ><div id=\"panel-1560-9-0-0\" class=\"so-panel widget widget_spacer-widget panel-first-child panel-last-child\" data-index=\"19\" ><div\n\t\t\t\n\t\t\tclass=\"so-widget-spacer-widget so-widget-spacer-widget-base\"\n\t\t\t\n\t\t>\n<div class=\"clearfix\" style=\"height:60px\"><\/div><\/div><\/div><\/div><\/div><div id=\"pg-1560-10\"  class=\"panel-grid panel-no-style\" ><div id=\"pgc-1560-10-0\"  class=\"panel-grid-cell\" ><div id=\"panel-1560-10-0-0\" class=\"so-panel widget widget_sow-editor panel-first-child panel-last-child\" data-index=\"20\" ><div\n\t\t\t\n\t\t\tclass=\"so-widget-sow-editor so-widget-sow-editor-base\"\n\t\t\t\n\t\t>\n<div class=\"siteorigin-widget-tinymce textwidget\">\n\t<h4 class=\"short accent-color\">IN BREVE<\/h4>\n<\/div>\n<\/div><\/div><\/div><div id=\"pgc-1560-10-1\"  class=\"panel-grid-cell\" ><div id=\"panel-1560-10-1-0\" class=\"so-panel widget widget_testimonials-widget panel-first-child panel-last-child\" data-index=\"21\" ><div\n\t\t\t\n\t\t\tclass=\"so-widget-testimonials-widget so-widget-testimonials-widget-base\"\n\t\t\t\n\t\t><div class=\"text-align-\"><h3 class=\"widget-title\" >qualche piccola testimonianza o commento<\/h3><\/div>\n\n<div class=\"carousel-wrapper\">\n        <ul class=\"owl-carousel carousel-fw\" id=\"testimonials-slider\" data-columns=\"1\" data-autoplay=\"5000\" data-pagination=\"yes\" data-arrows=\"no\" data-single-item=\"no\" data-items-desktop=\"1\" data-items-desktop-small=\"2\" data-items-tablet=\"2\" data-items-mobile=\"1\"  data-rtl=\"ltr\" >\n\n\n\t\t\t            <li class=\"item\">\n                  <blockquote>\n                      <p>Mosaici di luci specchiate speculate<br \/>\nsottrazioni di luci tracimate<br \/>\nacque immillanti<br \/>\nper prati e accerchianti incanti<\/p>\n                      <cite>Andrea Zanzotto per i Pal\u00f9<\/cite>\n                  <\/blockquote>\n              <\/li>\n        \n\t\t            <li class=\"item\">\n                  <blockquote>\n                      <p>Il Museo Media Piave \u00e8 il museo di comunit\u00e0 del Quartier di Piave, il territorio trevigiano compreso tra il Montello, il fiume Piave, i colli intorno a Conegliano e quelli di Valdobbiadene, oggi patrimonio Unesco. <\/p>\n                      <cite>Mario Rossi<\/cite>\n                  <\/blockquote>\n              <\/li>\n        \n\t\t            <li class=\"item\">\n                  <blockquote>\n                      <p>Espone le importanti conoscenze territoriali ed ambientali sviluppate nel corso delle attivit\u00e0 volontaristiche e raccoglie un nucleo di reperti archeologici, oltre ad una poderosa collezione di materiali bellici emersi dal territorio.useum Pleu Tour.<\/p>\n                      <cite>Gianni Verdi<\/cite>\n                  <\/blockquote>\n              <\/li>\n        \n\t\t\n\t\t<\/ul>\n\t<\/div>\n<\/div><\/div><\/div><\/div><div id=\"pg-1560-11\"  class=\"panel-grid panel-no-style\" ><div id=\"pgc-1560-11-0\"  class=\"panel-grid-cell\" ><div id=\"panel-1560-11-0-0\" class=\"so-panel widget widget_spacer-widget panel-first-child panel-last-child\" data-index=\"22\" ><div\n\t\t\t\n\t\t\tclass=\"so-widget-spacer-widget so-widget-spacer-widget-base\"\n\t\t\t\n\t\t>\n<div class=\"clearfix\" style=\"height:60px\"><\/div><\/div><\/div><\/div><\/div><\/div>","protected":false},"excerpt":{"rendered":"<p>&#8220;Partir&#8230; Zanzotto, Pillonetto, Gobbato e l&#8217;emigrazione&#8221; \u00e8 una mostra dove scorrono 150 anni di partenze: valigie leggere e lavori duri, contratti e clandestinit\u00e0. \u00c8 una storia enorme anche nei numeri: per decenni dai nostri comuni sono partite intere generazioni intere. E l\u2019altra met\u00e0 del racconto: chi resta, chi custodisce legami e memoria. Non \u00e8 solo passato. Oggi l\u2019emigrazione continua in forme nuove e spesso silenziose, quando i giovani cercano futuro altrove. Tra memoria e presente, anche le parole di Andrea Zanzotto, Giocondo Pillonetto e Lino Teofilo Gobbato accompagnano il visitatore: perch\u00e9 partire e restare, qui, sono due modi diversi di appartenere.<\/p>\n","protected":false},"author":1,"featured_media":0,"parent":0,"menu_order":0,"comment_status":"closed","ping_status":"closed","template":"","meta":{"footnotes":""},"class_list":["post-1560","page","type-page","status-publish","hentry"],"_links":{"self":[{"href":"https:\/\/www.museomediapiave.it\/index.php\/wp-json\/wp\/v2\/pages\/1560","targetHints":{"allow":["GET"]}}],"collection":[{"href":"https:\/\/www.museomediapiave.it\/index.php\/wp-json\/wp\/v2\/pages"}],"about":[{"href":"https:\/\/www.museomediapiave.it\/index.php\/wp-json\/wp\/v2\/types\/page"}],"author":[{"embeddable":true,"href":"https:\/\/www.museomediapiave.it\/index.php\/wp-json\/wp\/v2\/users\/1"}],"replies":[{"embeddable":true,"href":"https:\/\/www.museomediapiave.it\/index.php\/wp-json\/wp\/v2\/comments?post=1560"}],"version-history":[{"count":10,"href":"https:\/\/www.museomediapiave.it\/index.php\/wp-json\/wp\/v2\/pages\/1560\/revisions"}],"predecessor-version":[{"id":1579,"href":"https:\/\/www.museomediapiave.it\/index.php\/wp-json\/wp\/v2\/pages\/1560\/revisions\/1579"}],"wp:attachment":[{"href":"https:\/\/www.museomediapiave.it\/index.php\/wp-json\/wp\/v2\/media?parent=1560"}],"curies":[{"name":"wp","href":"https:\/\/api.w.org\/{rel}","templated":true}]}}